{"id":452,"date":"2024-03-26T15:06:34","date_gmt":"2024-03-26T14:06:34","guid":{"rendered":"https:\/\/recioybarbassl.es\/?page_id=452"},"modified":"2024-03-26T20:43:05","modified_gmt":"2024-03-26T19:43:05","slug":"personalizacion-de-prenda","status":"publish","type":"page","link":"https:\/\/recioybarbassl.es\/index.php\/personalizacion-de-prenda\/","title":{"rendered":"Personalizaci\u00f3n de prenda"},"content":{"rendered":"\t\t<div data-elementor-type=\"wp-page\" data-elementor-id=\"452\" class=\"elementor elementor-452\">\n\t\t\t\t<div class=\"elementor-element elementor-element-4c140c2 e-flex e-con-boxed e-con e-parent\" data-id=\"4c140c2\" data-element_type=\"container\">\n\t\t\t\t\t<div class=\"e-con-inner\">\n\t\t<div class=\"elementor-element elementor-element-62e3142 e-con-full e-flex e-con e-child\" data-id=\"62e3142\" data-element_type=\"container\">\n\t\t\t\t<div class=\"elementor-element elementor-element-c2029f1 elementor-widget elementor-widget-text-editor\" data-id=\"c2029f1\" data-element_type=\"widget\" data-widget_type=\"text-editor.default\">\n\t\t\t\t<div class=\"elementor-widget-container\">\n\t\t\t<style>\/*! elementor - v3.21.0 - 08-05-2024 *\/\n.elementor-widget-text-editor.elementor-drop-cap-view-stacked .elementor-drop-cap{background-color:#69727d;color:#fff}.elementor-widget-text-editor.elementor-drop-cap-view-framed .elementor-drop-cap{color:#69727d;border:3px solid;background-color:transparent}.elementor-widget-text-editor:not(.elementor-drop-cap-view-default) .elementor-drop-cap{margin-top:8px}.elementor-widget-text-editor:not(.elementor-drop-cap-view-default) .elementor-drop-cap-letter{width:1em;height:1em}.elementor-widget-text-editor .elementor-drop-cap{float:left;text-align:center;line-height:1;font-size:50px}.elementor-widget-text-editor .elementor-drop-cap-letter{display:inline-block}<\/style>\t\t\t\t<p data-sourcepos=\"3:1-3:123\"><strong>Destaca entre la multitud y expresa tu individualidad<\/strong> con nuestro servicio de personalizaci\u00f3n de prendas. Te ofrecemos:<\/p><p data-sourcepos=\"5:1-5:31\"><strong>1. Amplia gama de opciones:<\/strong><\/p><ul data-sourcepos=\"7:1-10:0\"><li data-sourcepos=\"7:1-7:87\"><strong>T\u00e9cnicas de personalizaci\u00f3n:<\/strong> Impresi\u00f3n, Transfer, etc.<\/li><li data-sourcepos=\"9:1-10:0\"><strong>Prendas:<\/strong>\u00a0Camisetas, sudaderas, polos, gorras, bolsos, etc.<\/li><\/ul><p data-sourcepos=\"11:1-11:20\">\u00a0<\/p><p data-sourcepos=\"11:1-11:20\"><strong>2. Alta calidad:<\/strong><\/p><ul data-sourcepos=\"13:1-16:0\"><li data-sourcepos=\"13:1-13:99\">Utilizamos materiales de alta calidad y maquinaria moderna para garantizar resultados impecables.<\/li><li data-sourcepos=\"14:1-14:44\">Dise\u00f1os duraderos y resistentes al lavado.<\/li><li data-sourcepos=\"15:1-16:0\">Acabados profesionales que realzan tu prenda.<\/li><\/ul><p data-sourcepos=\"17:1-17:30\">\u00a0<\/p><p data-sourcepos=\"17:1-17:30\"><strong>3. Servicio personalizado:<\/strong><\/p><ul data-sourcepos=\"19:1-22:0\"><li data-sourcepos=\"21:1-22:0\">Atenci\u00f3n al detalle y seguimiento del proceso de personalizaci\u00f3n.<\/li><\/ul><p data-sourcepos=\"23:1-23:37\">\u00a0<\/p><p data-sourcepos=\"23:1-23:37\"><strong>4. Pedidos \u00fanicos o al por mayor:<\/strong><\/p><ul data-sourcepos=\"25:1-28:0\"><li data-sourcepos=\"25:1-25:101\">Personalizamos desde una sola prenda hasta grandes cantidades para empresas, eventos o promociones.<\/li><li data-sourcepos=\"26:1-26:48\">Precios competitivos y descuentos por volumen.<\/li><li data-sourcepos=\"27:1-28:0\">Plazos de entrega ajustados.<\/li><\/ul><p data-sourcepos=\"29:1-29:115\">\u00a0<\/p><p data-sourcepos=\"29:1-29:115\"><strong>Conf\u00eda en nuestro servicio de personalizaci\u00f3n de prendas para crear piezas \u00fanicas que te hagan sentir especial.<\/strong><\/p>\t\t\t\t\t\t<\/div>\n\t\t\t\t<\/div>\n\t\t\t\t<\/div>\n\t\t<div class=\"elementor-element elementor-element-92a72f7 e-con-full e-flex e-con e-child\" data-id=\"92a72f7\" data-element_type=\"container\">\n\t\t\t\t<div class=\"elementor-element elementor-element-55ad462 elementor-widget elementor-widget-image\" data-id=\"55ad462\" data-element_type=\"widget\" data-widget_type=\"image.default\">\n\t\t\t\t<div class=\"elementor-widget-container\">\n\t\t\t<style>\/*! elementor - v3.21.0 - 08-05-2024 *\/\n.elementor-widget-image{text-align:center}.elementor-widget-image a{display:inline-block}.elementor-widget-image a img[src$=\".svg\"]{width:48px}.elementor-widget-image img{vertical-align:middle;display:inline-block}<\/style>\t\t\t\t\t\t\t\t\t\t<img fetchpriority=\"high\" decoding=\"async\" width=\"800\" height=\"360\" src=\"https:\/\/recioybarbassl.es\/wp-content\/uploads\/2024\/03\/IMG_20231209_172251-1024x461.jpg\" class=\"attachment-large size-large wp-image-482\" alt=\"\" srcset=\"https:\/\/recioybarbassl.es\/wp-content\/uploads\/2024\/03\/IMG_20231209_172251-1024x461.jpg 1024w, https:\/\/recioybarbassl.es\/wp-content\/uploads\/2024\/03\/IMG_20231209_172251-300x135.jpg 300w, https:\/\/recioybarbassl.es\/wp-content\/uploads\/2024\/03\/IMG_20231209_172251-768x346.jpg 768w, https:\/\/recioybarbassl.es\/wp-content\/uploads\/2024\/03\/IMG_20231209_172251-1536x691.jpg 1536w, https:\/\/recioybarbassl.es\/wp-content\/uploads\/2024\/03\/IMG_20231209_172251-2048x922.jpg 2048w\" sizes=\"(max-width: 800px) 100vw, 800px\" \/>\t\t\t\t\t\t\t\t\t\t\t\t\t<\/div>\n\t\t\t\t<\/div>\n\t\t\t\t<\/div>\n\t\t\t\t\t<\/div>\n\t\t\t\t<\/div>\n\t\t\t\t<\/div>\n\t\t","protected":false},"excerpt":{"rendered":"<p>Destaca entre la multitud y expresa tu individualidad con nuestro servicio de personalizaci\u00f3n de prendas. Te ofrecemos: 1. Amplia gama de opciones: T\u00e9cnicas de personalizaci\u00f3n: Impresi\u00f3n, Transfer, etc. Prendas:\u00a0Camisetas, sudaderas, polos, gorras, bolsos, etc. \u00a0 2. Alta calidad: Utilizamos materiales de alta calidad y maquinaria moderna para garantizar resultados impecables. Dise\u00f1os duraderos y resistentes al [&hellip;]<\/p>\n","protected":false},"author":1,"featured_media":0,"parent":0,"menu_order":0,"comment_status":"closed","ping_status":"closed","template":"","meta":{"_monsterinsights_skip_tracking":false,"_monsterinsights_sitenote_active":false,"_monsterinsights_sitenote_note":"","_monsterinsights_sitenote_category":0,"footnotes":""},"aioseo_notices":[],"_links":{"self":[{"href":"https:\/\/recioybarbassl.es\/index.php\/wp-json\/wp\/v2\/pages\/452"}],"collection":[{"href":"https:\/\/recioybarbassl.es\/index.php\/wp-json\/wp\/v2\/pages"}],"about":[{"href":"https:\/\/recioybarbassl.es\/index.php\/wp-json\/wp\/v2\/types\/page"}],"author":[{"embeddable":true,"href":"https:\/\/recioybarbassl.es\/index.php\/wp-json\/wp\/v2\/users\/1"}],"replies":[{"embeddable":true,"href":"https:\/\/recioybarbassl.es\/index.php\/wp-json\/wp\/v2\/comments?post=452"}],"version-history":[{"count":10,"href":"https:\/\/recioybarbassl.es\/index.php\/wp-json\/wp\/v2\/pages\/452\/revisions"}],"predecessor-version":[{"id":485,"href":"https:\/\/recioybarbassl.es\/index.php\/wp-json\/wp\/v2\/pages\/452\/revisions\/485"}],"wp:attachment":[{"href":"https:\/\/recioybarbassl.es\/index.php\/wp-json\/wp\/v2\/media?parent=452"}],"curies":[{"name":"wp","href":"https:\/\/api.w.org\/{rel}","templated":true}]}}